ommon factor of 1545 and 58265658.
309
Calculate the highest common divisor of 14 and 78647198.
14
Calculate the highest common factor of 52794 and 16542.
18
What is the greatest common factor of 40164 and 3198?
6
What is the highest common factor of 266 and 176314908?
266
Calculate the greatest common divisor of 146 and 2801722480.
146
Calculate the greatest common factor of 1403 and 1125344.
23
Calculate the highest common factor of 10367 and 162301309.
1481
Calculate the greatest common factor of 16647204 and 1416.
708
Calculate the highest common factor of 64640 and 20480.
640
Calculate the highest common divisor of 532515 and 339021.
813
What is the highest common divisor of 240061778 and 4210?
842
What is the highest common factor of 7531545 and 15435?
735
Calculate the greatest common divisor of 3542 and 21271734.
506
Calculate the highest common factor of 2325 and 2039825.
25
What is the highest common factor of 211 and 130430072?
211
What is the highest common divisor of 25599459 and 279?
93
Calculate the highest common factor of 35 and 7732215.
5
What is the highest common factor of 18 and 141607089?
9
What is the highest common divisor of 24367 and 152397?
413
Calculate the greatest common factor of 47 and 5511513186.
47
Calculate the greatest common divisor of 408 and 4410948.
12
What is the highest common divisor of 94 and 13474289?
47
What is the greatest common divisor of 5915 and 18279885?
845
What is the highest common divisor of 152186088 and 24?
24
Calculate the greatest common divisor of 1215 and 52107.
3
What is the highest common factor of 486473 and 119899?
299
Calculate the greatest common divisor of 1116 and 170968596.
372
Calculate the highest common factor of 16856 and 385952.
56
Calculate the greatest common factor of 84118 and 945026.
274
What is the highest common factor of 14 and 466594?
2
What is the highest common divisor of 43127327 and 947?
947
What is the greatest common factor of 9474312 and 133589?
1501
Calculate the highest common factor of 15181 and 18868691.
323
Calculate the highest common divisor of 36606252 and 44.
4
Calculate the highest common divisor of 7232 and 26056.
8
Calculate the greatest common divisor of 23959 and 141569.
19
Calculate the highest common divisor of 36018 and 2178.
18
What is the greatest common divisor of 173 and 15258427?
173
What is the greatest common factor of 25430601 and 63?
21
Calculate the highest common divisor of 2269981 and 6093.
677
Calculate the greatest common divisor of 837 and 313497.
27
Calculate the greatest common divisor of 16912 and 38946222.
2114
Calculate the highest common divisor of 39959702 and 14558.
502
What is the highest common divisor of 16 and 16330876?
4
Calculate the greatest common divisor of 337319862 and 66.
66
Calculate the highest common factor of 442947260 and 420.
140
Calculate the greatest common factor of 1713902 and 752.
94
Calculate the greatest common factor of 415293 and 14127.
51
Calculate the highest common divisor of 320 and 17230520.
40
What is the highest common factor of 114 and 42573756?
114
Calculate the greatest common factor of 16760638 and 10106.
326
Calculate the greatest common factor of 19588405 and 5.
5
What is the greatest common divisor of 7368 and 327623646?
1842
Calculate the greatest common factor of 1628 and 1649460.
148
Calculate the highest common factor of 816 and 423432600.
408
What is the greatest common divisor of 253 and 4545559?
23
What is the greatest common factor of 13386575 and 214035?
3755
Calculate the greatest common factor of 1058695 and 2035.
55
Calculate the greatest common factor of 35035368 and 7310.
1462
Calculate the highest common divisor of 912 and 2264781.
57
Calculate the greatest common factor of 221868304 and 15456.
2576
What is the greatest common factor of 40 and 3545810?
10
Calculate the greatest common factor of 797 and 37684551.
797
What is the highest common divisor of 5215200 and 128?
32
Calculate the highest common factor of 272 and 26368088.
136
Calculate the highest common factor of 6438 and 39139734.
174
Calculate the greatest common factor of 500 and 100217600.
100
What is the greatest common factor of 2503 and 268132?
1
Calculate the greatest common divisor of 1037 and 2073022109.
1037
What is the highest common factor of 355675 and 8025?
25
Calculate the greatest common divisor of 48480 and 2891832.
2424
Calculate the highest common divisor of 901933 and 118.
59
What is the highest common divisor of 22086 and 221269?
409
What is the greatest common factor of 186059890 and 270?
10
What is the highest common divisor of 54187078 and 66?
22
Calculate the greatest common divisor of 11901972 and 68.
68
Calculate the highest common divisor of 315 and 3324650.
35
Calculate the greatest common factor of 11592141 and 1595.
319
Calculate the highest common divisor of 13 and 562138733.
13
Calculate the greatest common divisor of 5588 and 1151636.
508
Calculate the highest common divisor of 4362568 and 39494.
3038
What is the highest common factor of 109275530 and 182?
182
What is the highest common divisor of 5223422 and 232?
58
What is the highest common factor of 976 and 853752?
8
What is the greatest common divisor of 75062 and 19214?
26
Calculate the highest common factor of 153 and 42418008.
9
What is the greatest common factor of 56966 and 602?
14
What is the greatest common divisor of 19486032 and 172?
4
What is the greatest common factor of 105962040 and 234?
18
Calculate the highest common factor of 3926626 and 1496.
374
Calculate the greatest common divisor of 16263 and 1627551.
1251
What is the highest common factor of 767 and 19143293?
13
What is the highest common factor of 42 and 484946280?
42
What is the highest common divisor of 8828560 and 18928?
2704
What is the highest common divisor of 214830 and 101990?
2170
What is the greatest common factor of 148 and 293830542?
74
Calculate the greatest common factor of 493 and 527452.
29
What is the highest common divisor of 282030 and 18088?
238
Calculate the highest common factor of 8895 and 30504.
3
What is the greatest common factor of 2970 and 58502070?
990
Calculate the greatest common factor of 48836 and 1542220.
116
Calculate the greatest common factor of 1118117 and 15743.
91
Calculate the greatest common divisor of 11724 and 55685092.
3908
Calculate the greatest common divisor of 21563299 and 8334.
463
Calculate the highest common factor of 642044786 and 402.
134
Calculate the highest common factor of 6021135 and 1080.
135
What is the highest common factor of 77 and 29120619?
11
Calculate the greatest common divisor of 6072 and 94413.
33
Calculate the greatest common factor of 40181274 and 252.
126
Calculate the highest common factor of 8002884 and 19076.
1004
Calculate the greatest common divisor of 182768003 and 561.
187
What is the greatest common divisor of 12095 and 416820?
5
Calculate the highest common divisor of 5200199 and 83.
83
Calculate the greatest common divisor of 729 and 77965632.
27
Calculate the highest common factor of 165179 and 833.
49
What is the highest common factor of 137560 and 6935?
95
Calculate the highest common divisor of 30160 and 77090.
130
Calculate the highest common divisor of 1003 and 77543818.
59
What is the greatest common divisor of 28348 and 855289?
373
Calculate the highest common divisor of 12 and 60386004.
12
What is the highest common factor of 231937 and 27593?
41
Calculate the highest common factor of 542231701 and 11.
11
What is the highest common factor of 23379148 and 6307?
901
Calculate the highest common divisor of 66924361 and 3739.
3739
What is the greatest common divisor of 148445944 and 9232?
4616
Calculate the highest common factor of 306 and 2262921.
51
What is the greatest common factor of 147 and 14906927?
49
Calculate the highest common divisor of 174578453 and 57141.
6349
What is the highest common divisor of 6346606 and 28?
14
What is the highest common divisor of 8269038 and 1836?
306
Calculate the highest common divisor of 401 and 98170013.
401
Calculate the greatest common divisor of 48489966 and 21.
21
Calculate the highest common factor of 47 and 25780487.
47
Calculate the highest common factor of 59191988 and 188.
188
What is the greatest 